2
What is the hundreds digit of 1981035740?
7
What is the millions digit of 537290286?
7
What is the hundreds digit of 6982752907?
9
What is the ten millions digit of 73845200?
7
What is the ten millions digit of 38064787?
3
What is the ten thousands digit of 343365751?
6
What is the hundred thousands digit of 751927681?
9
What is the thousands digit of 818249621?
9
What is the millions digit of 354222261?
4
What is the millions digit of 599492601?
9
What is the millions digit of 510526388?
0
What is the hundreds digit of 1735693238?
2
What is the hundreds digit of 130978765?
7
What is the millions digit of 30572511?
0
What is the ten thousands digit of 62624141?
2
What is the hundred thousands digit of 224623116?
6
What is the units digit of 1792063815?
5
What is the thousands digit of 57415827?
5
What is the units digit of 69297462?
2
What is the tens digit of 897449314?
1
What is the thousands digit of 2644282764?
2
What is the hundred thousands digit of 21717187?
7
What is the thousands digit of 967293004?
3
What is the ten millions digit of 1511379315?
1
What is the ten millions digit of 327939563?
2
What is the ten thousands digit of 52581724?
8
What is the thousands digit of 80805915?
5
What is the tens digit of 128336985?
8
What is the hundred thousands digit of 486716164?
7
What is the millions digit of 2711726691?
1
What is the hundred thousands digit of 15713586?
7
What is the hundred millions digit of 3128977675?
1
What is the ten millions digit of 976222870?
7
What is the units digit of 4865121490?
0
What is the thousands digit of 6808547?
8
What is the hundreds digit of 28289280?
2
What is the tens digit of 14833036?
3
What is the hundred thousands digit of 1968360?
9
What is the hundred thousands digit of 1786540460?
5
What is the thousands digit of 113623305?
3
What is the units digit of 424571051?
1
What is the hundred millions digit of 2332291696?
3
What is the hundred millions digit of 1700527579?
7
What is the units digit of 5058721835?
5
What is the millions digit of 229593078?
9
What is the ten thousands digit of 2839583654?
8
What is the units digit of 959860446?
6
What is the thousands digit of 780906096?
6
What is the thousands digit of 1146294962?
4
What is the hundred thousands digit of 2546217505?
2
What is the ten millions digit of 107851035?
0
What is the millions digit of 5016260881?
6
What is the hundred millions digit of 146158543?
1
What is the hundred millions digit of 126652640?
1
What is the hundreds digit of 6147995424?
4
What is the ten thousands digit of 356492205?
9
What is the tens digit of 146170537?
3
What is the ten millions digit of 103807490?
0
What is the hundreds digit of 2938873646?
6
What is the millions digit of 349090400?
9
What is the hundred thousands digit of 5597955023?
9
What is the hundred thousands digit of 3553550862?
5
What is the hundred thousands digit of 364559832?
5
What is the tens digit of 34848356?
5
What is the hundred thousands digit of 712568167?
5
What is the millions digit of 314850678?
4
What is the units digit of 28434803?
3
What is the thousands digit of 206308855?
8
What is the tens digit of 3826813241?
4
What is the hundred millions digit of 401604487?
4
What is the units digit of 61481175?
5
What is the millions digit of 57564692?
7
What is the ten thousands digit of 1142627719?
2
What is the hundreds digit of 37135744?
7
What is the ten millions digit of 522656164?
2
What is the hundred thousands digit of 17929580?
9
What is the units digit of 680426463?
3
What is the hundred thousands digit of 4651326704?
3
What is the millions digit of 1723834848?
3
What is the tens digit of 57192202?
0
What is the hundreds digit of 54563597?
5
What is the billions digit of 4815776402?
4
What is the hundred millions digit of 5115887168?
1
What is the ten thousands digit of 41368378?
6
What is the units digit of 68113918?
8
What is the hundred thousands digit of 47487225?
4
What is the units digit of 44627702?
2
What is the billions digit of 4596448524?
4
What is the ten millions digit of 98067070?
9
What is the thousands digit of 611833184?
3
What is the ten thousands digit of 1566626466?
2
What is the hundred thousands digit of 13129242?
1
What is the hundred thousands digit of 129334443?
3
What is the units digit of 666193675?
5
What is the tens digit of 53880939?
3
What is the ten millions digit of 30988648?
3
What is the billions digit of 5061511527?
5
What is the units digit of 50024623?
3
What is the thousands digit of 2088332808?
2
What is the hundreds digit of 5028903561?
5
What is the millions digit of 173175222?
3
What is the tens digit of 5057071?
7
What is the units digit of 283260862?
2
What is the ten thousands digit of 435786977?
8
What is the tens digit of 136996387?
8
What is the tens digit of 6972307?
0
What is the hundred thousands digit of 60318080?
3
What is the billions digit of 1138221765?
1
What is the hundreds digit of 36591976?
9
What is the hundreds digit of 647210101?
1
What is the tens digit of 20450263?
6
What is the millions digit of 62435455?
2
What is the hundred thousands digit of 98718935?
7
What is the millions digit of 4430267227?
0
What is the hundred millions digit of 245190700?
2
What is the billions digit of 6619762116?
6
What is the tens digit of 50081272?
7
What is the ten millions digit of 69704609?
6
What is the thousands digit of 1062665029?
5
What is the ten thousands digit of 6319405?
1
What is the units digit of 852581896?
6
What is the hundreds digit of 1470096008?
0
What is the hundreds digit of 7832103?
1
What is the millions digit of 747132450?
7
What is the tens digit of 248377474?
7
What is the thousands digit of 2832441990?
1
What is the ten millions digit of 1731050981?
3
What is the millions digit of 3123570125?
3
What is the ten thousands digit of 59227313?
2
What is the ten thousands digit of 82162967?
6
What is the hundreds digit of 69826926?
9
What is the ten thousands digit of 2151639629?
3
What is the ten thousands digit of 172832963?
3
What is the millions digit of 974258894?
4
What is the ten thousands digit of 42390747?
9
What is the millions digit of 288954713?
8
What is the hundred thousands digit of 64446429?
4
What is the tens digit of 164581317?
1
What is the thousands digit of 13643744?
3
What is the hundreds digit of 2857370285?
2
What is the thousands digit of 1221313335?
3
What is the thousands digit of 693266995?
6
What is the ten millions digit of 457933188?
5
What is the tens digit of 552839593?
9
What is the millions digit of 15230465?
5
What is the tens digit of 45047205?
0
What is the millions digit of 119371246?
9
What is the hundred millions digit of 162774410?
1
What is the tens digit of 43118568?
6
What is the millions digit of 4509950676?
9
What is the millions digit of 827925905?
7
What is the billions digit of 2035568759?
2
What is the ten millions digit of 106525721?
0
What is the ten thousands digit of 579865560?
6
What is the ten thousands digit of 28908916?
0
What is the hundred thousands digit of 66515121?
5
What is the thousands digit of 189663676?
3
What is the hundred thousands digit of 6953607693?
6
What is the units digit of 768376141?
1
What is the hundreds digit of 68836346?
3
What is the billions digit of 1732889179?
1
What is the tens digit of 29712486?
8
What is the ten millions digit of 78978940?
7
What is the thousands digit of 1432497?
2
What is the hundred millions digit of 518269233?
5
What is the thousands digit of 739079446?
9
What is the hundred millions digit of 5956958162?
9
What is the hundred thousands digit of 333097176?
0
What is the hundred thousands digit of 4527706195?
7
What is the millions digit of 671745907?
1
What is the millions digit of 1048657596?
8
What is the millions digit of 2858219?
2
What is the thousands digit of 270148521?
8
What is the ten millions digit of 152941370?
5
What is the billions digit of 2895676130?
2
What is the units digit of 25268700?
0
What is the hundred thousands digit of 351005891?
0
What is the hundreds digit of 1204740531?
5
What is the hundred millions digit of 102466399?
1
What is the hundreds digit of 74782901?
9
What is the thousands digit of 23961677?
1
What is the hundred millions digit of 443156476?
4
What is th